omposite?
True
Is 3864135839 a prime number?
True
Is 1853423749 a composite number?
False
Is 1417746881 a prime number?
True
Is 44908911979 composite?
False
Is 9474639947 prime?
True
Is 68676902869 a composite number?
False
Is 1033523903 a prime number?
False
Is 3912313667 composite?
True
Is 84340276166 prime?
False
Is 2197694663 a prime number?
True
Is 5952944863 a composite number?
False
Is 11010499501 prime?
True
Is 21360873047 composite?
True
Is 175152611 prime?
True
Is 879883451 composite?
False
Is 274535197 a prime number?
False
Is 45836594 composite?
True
Is 3011150867 a composite number?
True
Is 53737553531 composite?
False
Is 25905678277 a composite number?
False
Is 142411961 a composite number?
True
Is 44290730513 a composite number?
True
Is 15625421101 composite?
False
Is 616037809 a composite number?
False
Is 231607939 a composite number?
False
Is 1432408067 a prime number?
True
Is 12933673853 prime?
True
Is 75656985629 prime?
False
Is 729396108593 a prime number?
True
Is 11170197881 prime?
True
Is 1155144637 composite?
False
Is 5612326771 a prime number?
False
Is 27324368359 composite?
False
Is 1696586477 composite?
True
Is 7039254097 a composite number?
False
Is 28998205309 prime?
True
Is 72964343 prime?
True
Is 2485173209 composite?
False
Is 37431882053 a prime number?
False
Is 34051654509 prime?
False
Is 5271690727 composite?
False
Is 46914513113 a composite number?
True
Is 820170619 prime?
False
Is 7823756357 prime?
False
Is 391190363 a prime number?
False
Is 11678705839 a composite number?
True
Is 2686717367 composite?
True
Is 2286096919 prime?
True
Is 8300412377 composite?
False
Is 8761601 prime?
True
Is 566054953 a composite number?
False
Is 26816121961 a prime number?
False
Is 165315923 composite?
True
Is 37600327307 composite?
True
Is 416243041 composite?
False
Is 483420731 prime?
False
Is 148816491 composite?
True
Is 20617127021 prime?
False
Is 42697256533 composite?
True
Is 884290783 composite?
True
Is 18698865347 composite?
False
Is 9157059271 a prime number?
False
Is 664695541 composite?
True
Is 4559399821 a composite number?
False
Is 47645016593 composite?
True
Is 50260839423 a prime number?
False
Is 3587981 a composite number?
True
Is 31735879685 prime?
False
Is 1280576837 a prime number?
False
Is 54534997949 a prime number?
False
Is 1773718211 a prime number?
True
Is 7802113439 a prime number?
False
Is 27995687677 a composite number?
False
Is 11737322627 prime?
False
Is 4349411501 composite?
True
Is 10240670641 a composite number?
False
Is 98313162169 composite?
False
Is 61993348133 a composite number?
False
Is 160391111 prime?
False
Is 40918687709 a composite number?
False
Is 2268111637 composite?
True
Is 233608778957 a composite number?
False
Is 133478117 prime?
False
Is 360498881 a composite number?
True
Is 258401011 a composite number?
True
Is 136723284353 a composite number?
False
Is 3190984169 composite?
True
Is 69541547519 a composite number?
False
Is 24331309117 composite?
False
Is 3769641313 a prime number?
False
Is 2466832033 prime?
True
Is 92470226591 prime?
True
Is 4473104959 a composite number?
False
Is 257839342 composite?
True
Is 7946233 a prime number?
True
Is 653057047 composite?
True
Is 17698818469 a prime number?
False
Is 1462042499 a composite number?
False
Is 120187885 a composite number?
True
Is 291602341 prime?
False
Is 359726323 a prime number?
False
Is 3740419273 composite?
True
Is 2091845657 composite?
True
Is 974271763 composite?
False
Is 209094331 a prime number?
True
Is 61465933 prime?
True
Is 3928385933 prime?
False
Is 200951071 composite?
False
Is 175921060519 prime?
True
Is 507658271 composite?
True
Is 214183111 a prime number?
False
Is 6034720081 prime?
False
Is 1813729945 composite?
True
Is 234126833 a composite number?
False
Is 91931524351 prime?
True
Is 174629986 a prime number?
False
Is 395491997 prime?
True
Is 1239082937 a composite number?
True
Is 588871549 a composite number?
True
Is 82657700813 a composite number?
False
Is 3794390819 a prime number?
True
Is 14531043073 composite?
False
Is 2372997433 a composite number?
True
Is 30733579229 a prime number?
True
Is 415793447 composite?
True
Is 1211537333 a composite number?
True
Is 115252217 prime?
True
Is 1159507781 a composite number?
False
Is 5705934889 a composite number?
False
Is 927577957 composite?
False
Is 15945578951 a composite number?
False
Is 4165590859 composite?
False
Is 710623087 prime?
False
Is 2461335229 prime?
True
Is 31557184105 a prime number?
False
Is 30514954783 a prime number?
True
Is 8930700257 composite?
True
Is 12568108037 composite?
False
Is 180572669 composite?
False
Is 518962619 composite?
True
Is 58961867 composite?
False
Is 30697246513 composite?
True
Is 784502189 composite?
False
Is 14904359963 a prime number?
False
Is 222863843 a prime number?
False
Is 8750583355 a prime number?
False
Is 19954861483 composite?
False
Is 129411644417 composite?
True
Is 5519177473 composite?
True
Is 4731327949 composite?
False
Is 35506351831 a prime number?
True
Is 22769139167 prime?
False
Is 29806904957 a composite number?
False
Is 6945348517 composite?
True
Is 1440995611 composite?
True
Is 17911785791 a composite number?
False
Is 12845402161 composite?
True
Is 125082420959 a composite number?
True
Is 37362419 composite?
True
Is 34937639977 a prime number?
True
Is 11515683583 a composite number?
True
Is 67386853 prime?
True
Is 232585169 composite?
True
Is 22155159397 a composite number?
True
Is 164331857 a prime number?
True
Is 1599905269 prime?
False
Is 7901380651 a prime number?
True
Is 66321043 a composite number?
False
Is 18786296261 a prime number?
False
Is 1972077781 a composite number?
False
Is 124192107187 a composite number?
False
Is 200954209 prime?
True
Is 3982173611 composite?
True
Is 21924491179 composite?
False
Is 11728821407 a prime number?
False
Is 2678787031 a composite number?
False
Is 3805385257 a prime number?
True
Is 17647183747 a composite number?
False
Is 858437983 a prime number?
False
Is 1691799701 prime?
True
Is 197727181 a prime number?
False
Is 2291548297 prime?
False
Is 356938453 a prime number?
False
Is 3566774927 a composite number?
True
Is 31066275917 a composite number?
False
Is 343682527 a prime number?
True
Is 2046988399 prime?
True
Is 4849308469 a composite number?
False
Is 4052961811 a prime number?
True
Is 718140487 composite?
True
Is 1313948641 prime?
False
Is 414616673 a prime number?
False
Is 6563506823 a composite number?
False
Is 819009929 prime?
True
Is 37349070391 a prime number?
False
Is 152782593487 composite?
False
Is 444955971 a prime number?
False
Is 14336500091 composite?
False
Is 1142177099 a prime number?
False
Is 10900372907 composite?
False
Is 26374553003 a prime number?
True
Is 3081384701 a composite number?
False
Is 88670253943 a prime number?
False
Is 43213016573 composite?
False
Is 739914793 a composite number?
False
Is 712669289 a prime number?
False
Is 1164454261 a prime number?
True
Is 1040776963 a prime number?
False
Is 2824763033 a prime number?
False
Is 1122023993 a prime number?
True
Is 6018878963 prime?
True
Is 407774879 prime?
True
Is 327715543 composite?
False
Is 32766533269 a prime number?
False
Is 9406997 a prime number?
True
Is 575411173 composite?
True
Is 535429967 prime?
True
Is 887601787 a prime number?
True
Is 2352824029 prime?
True
Is 1753485287 composite?
True
Is 92834939 prime?
False
Is 213371603 prime?
True
Is 57406109297 a composite number?
False
Is 373948583 a composite number?
True
Is 364514233 a prime number?
False
Is 886548449 prime?
True
Is 365619809 composite?
False
Is 5342031169 a composite number?
True
Is 89786629789 prime?
True
Is 1312128977 prime?
False
Is 4167274823 a composite number?
True
Is 1342956763 prime?
False
Is 2027946599 composite?
True
Is 2923095319 a prime number?
False
Is 281862421 composite?
True
Is 21568949333 a prime number?
True
Is 3523695631 a prime number?
False
Is 295918849 composite?
True
Is 36483151 prime?
False
Is 57849399821 a prime number?
True
Is 112798908397 prime?
False
Is 160253257 a prime number?
True
Is 9897331501 composite?
False
Is 37842773883 a composite number?
True
Is 710622299 a composite number?
False
Is 191965711 prime?
False
Is 160458251 a prime number?
True
Is 69041971513 a prim